*f + y + 990 = 4*j, -4*f + 5*j = -1652. What is the tens digit of f?
1
Let p(v) = 5*v**2 + 31*v + 58. Let w(a) = 11*a**2 + 63*a + 116. Let k(j) = 13*p(j) - 6*w(j). Let n be k(27). What is the hundreds digit of n/14 - 4925/(-35)?
1
Suppose -r - 1 = 0, -2*d + 15 = -r + 4*r. Let j(b) = 25 + b + 8 - d. What is the units digit of j(0)?
4
Suppose 0 = l + w - 5136, -3*l + 6*l - 15433 = 2*w. What is the units digit of l?
1
Suppose -42 = -5*r + 2*d, 2*r = 2*d - 0*d + 12. Suppose -3*a + 3*i + 22 = -i, 3*a = i + r. Suppose 0 = -p + 12 + a. What is the tens digit of p?
1
Let t be (3/(-12) - (-3)/(-12))*0. Suppose -v + 21 - 18 = t. Suppose 0 = 4*f - 3*r - 838 - 91, -698 = -v*f + r. What is the units digit of f?
3
Let s = 39174 + 1699. What is the tens digit of (-3)/(-24) - s/(-56)?
3
Suppose -x = 4*z - 8048, x - 4548 = -3*z + 1489. What is the units digit of z?
1
Let n(y) = -y**3 + 10*y**2 - y - 11. Let i be (2 - 40/(-25))/(2/5). What is the units digit of n(i)?
1
Let a(r) = -57*r - 394. What is the units digit of a(-35)?
1
Let q = 71953 + -49372. What is the units digit of q?
1
Suppose 7*o - 27 = 22. Suppose 1670 = o*q - 717. What is the units digit of 6/8 - q*3/(-12)?
6
What is the hundreds digit of (-8054)/(-12)*(19 - (-117)/(-9))?
0
Let j = -110 - -132. Suppose c = 51 + j. What is the units digit of c?
3
Let j(c) = -c**3 - 9*c**2 + 8*c - 15. Let u be j(-10). Suppose 4*y - 167 = -3*k, -u*y + y - 151 = -3*k. What is the units digit of k?
3
Let z(q) be the third derivative of 51*q**5/4 + 5*q**3/3 - q**2. Let t be z(4). What is the units digit of t/(-140)*1/((-5)/8)?
0
Suppose -304*j - 25363194 - 3114761 = -909*j. What is the units digit of j?
1
Let r(p) = 116*p**2 + 93*p + 592. What is the tens digit of r(-7)?
2
Suppose -5*r = -r - 876. Suppose -5*q + r = -696. Suppose 4*n - q = n. What is the units digit of n?
1
Suppose -5*x = -5*u + 36635, 5*u + 8*x = 4*x + 36680. What is the tens digit of u?
3
Let h be (-20)/((16/(-3))/(-8)). Let u = 19 - h. Let q = u - -15. What is the units digit of q?
4
Let b(d) = 2*d**2 - 4*d - 4. Let l be b(-2). Suppose -l = 4*j, 5*v + 3*j = 1 - 0. What is the tens digit of 109*1*v/6*3?
0
Let b(q) = -4*q - 29. Let a be b(-10). Let y(m) = -2*m + 25. Let c be y(a). Suppose c*i + 3*l = l + 365, 5*i - 5*l - 600 = 0. What is the tens digit of i?
2
Let p be (-1 + 4 + -2)*722/2. Suppose -p - 4637 = 7*v. What is the tens digit of ((-2)/6)/((-2854)/v - 4)?
1
Suppose -25*a - 480 = -5*w - 27*a, 0 = 4*w + 3*a - 384. Suppose w*v - 91*v = 525. What is the hundreds digit of v?
1
Suppose 0 = -4*j - 14 + 2. What is the units digit of j/(-2 - (-3250)/1630)?
9
Let h(m) = -m**2 + 16*m - 38. Let n be h(12). Suppose -16 = -2*t + n. Suppose -t*x = -19*x + 924. What is the tens digit of x?
5
Let y = 24512 - 16925. What is the thousands digit of y?
7
Let b = -19988 - -35664. What is the units digit of b?
6
Let c(n) = -2*n**3 - 23*n**2 + 10*n - 26. Let y be c(-12). Let g(d) be the second derivative of -21*d**3/2 - d**2 - 2*d. What is the hundreds digit of g(y)?
1
Let a(g) = g**3 + 6*g**2 + 6*g - 3. Let q be a(-4). Let j(r) = -q*r**3 + 6*r**3 + 237 - 43*r**2 - 2*r + 41*r**2. What is the tens digit of j(0)?
3
Suppose 9*k + 278 + 181 = 0. Let n be (-34)/k*(-5 - (3 + -2)). What is the tens digit of ((-30)/n)/(-3)*-80?
0
Let s(b) = 20*b**2 - 3*b - 3. Suppose -5*d - 3*c - 106 = -d, 4*c = -2*d - 48. Let y be 5/(-2)*d/(-35). What is the tens digit of s(y)?
8
Suppose 70*z = 217442 - 86429 + 260567. What is the units digit of z?
4
Let g = -12859 - -35449. What is the thousands digit of g?
2
Suppose 0 = -3*t - 69 + 90. Suppose t*z - 14700 = -23*z. What is the hundreds digit of z?
4
Let u be 110/44*(-1 - (-37)/5). Suppose 0*m + 5*k = 5*m + 10, 0 = 2*m + 3*k - u. Suppose -m*b = -146 - 136. What is the tens digit of b?
4
Suppose 25*v - 21*v = 504. Let u = 124 - v. What is the hundreds digit of (-4 - -9) + u + 191?
1
Suppose -2*h - 5*q = -25, -h - 2*q + 13 - 2 = 0. Suppose 3*n - 876 = -3*m, -3*m - h*n = -0*n - 878. What is the units digit of m?
1
Let x be 4 + 2 + 13 + 7. Let v(g) = g**2 + 8*g + 6. Let k be v(-8). Suppose 5*h = -k + x. What is the units digit of h?
4
Suppose -2*r - 5*k = 9, k = -5*r + 3*k - 8. What is the hundreds digit of r + 2 - (-245 + 1)?
2
Let r(d) = 23*d**2 - 3*d - 1. What is the units digit of r(-4)?
9
Suppose 0 = -v - 3*v - v. Suppose v = 2*t + m - 986, -3*t + 878 = -2*m - 587. Suppose 5*r + 736 = 3*o + 6*r, r = -2*o + t. What is the hundreds digit of o?
2
Suppose -4*f + 167156 + 125516 = 0. What is the units digit of f?
8
Suppose -9*t + 2*x - 17 = -12*t, -3*x = -3*t - 3. Suppose -t*j - i + 6*i = -2077, -i = -2*j + 1373. What is the hundreds digit of j?
6
Let b(v) = v**3 + 4*v**2 + v - 7. Let w be b(-3). Let z be (4/6)/(w - 33/(-27)). Let h(t) = 5*t**3 - 2*t**2 - 2*t + 7. What is the hundreds digit of h(z)?
1
Suppose 0*n + 20 = -3*w - 4*n, -2*w - 5*n = 25. Let v be w/(2 + 15/(-3)). Suppose -2*b + 2*m = m - 27, -3*b - 5*m + 73 = v. What is the tens digit of b?
1
Let k be 5 + -2752 + 3 - 7. Let i = k - -3946. What is the tens digit of i?
9
What is the thousands digit of (-18)/36*4*(-6203)/2?
6
Let x be 3 - 12 - (-3 + 1). Let a(y) = y**2 + 6*y - 5. Let c be a(x). Suppose 7*p - c*p = -3*n + 213, 213 = 3*n - 5*p. What is the units digit of n?
1
Let o = 540 - 537. Suppose 0 = -5*j - o*h + 1246, 15*j = 19*j + 3*h - 995. What is the hundreds digit of j?
2
Let p(r) = 3*r + 18. Let g be p(-5). Suppose 5*t - 40 = g*h, 3*t + 4*h = 25 - 1. Suppose -t*c = -0*c - 936. What is the units digit of c?
7
Let h be (70/(-4))/((-24)/(-288)). What is the units digit of (-225)/(-33) - (h/(-55) + -4)?
7
Let b(q) = 39*q**3 + 42*q**2 - 4*q + 27. What is the hundreds digit of b(11)?
9
Suppose 11*w - 2195 = 60241. Suppose -27*k = -5*k - w. What is the hundreds digit of k?
2
Suppose -6*y - 8 = -8*y. Suppose -y*j - v = -15, 4*j + 4 = 3*v + 39. Suppose -z + j = -2. What is the units digit of z?
7
Suppose 6*t - t = 25. Suppose -s = 0, 2*s - 20 = -t*l - 0*s. Suppose l*u + 356 = 4*k, 2*u + u - 279 = -3*k. What is the tens digit of k?
9
Let m be (-24)/(-6) - (-106)/1. Let p = -299 - -433. Let z = p - m. What is the units digit of z?
4
Let f be (-18)/(-66) - 865/(-55). Suppose -f*z + 12*z = -6128. What is the units digit of z?
2
Let k be 2 + 0 + -3 - 0. What is the hundreds digit of (3 + -5)/k - (-1 - 173)?
1
Let d(o) = o**3 - 5*o**2 + 6*o - 3. Let j be d(4). Let a = -171 + 177. Let u = a - j. What is the units digit of u?
1
Let n(z) = 186*z**2 - 14*z - 7. What is the tens digit of n(4)?
1
Suppose 0 = 3*g + 6, -2*h - 3*g = 6 - 8. Suppose h*d - 631 = 869. What is the hundreds digit of d?
3
Let y(u) = -121*u - 393. What is the tens digit of y(-62)?
0
Let k = 197 - 37. What is the units digit of k?
0
Let i be (-176)/4*(2 - 33/12). Let b be 72/i - 16/88. Suppose -81 - 27 = -b*h. What is the units digit of h?
4
Let t be 8/(13 + -5) + (-2 - 5). Suppose -4 = -4*m - 20. What is the units digit of m/t + (-572)/(-33)?
8
Let w = 26 + -23. Let l be (2 - (w - 6))*1 + -3. What is the tens digit of (5*47)/((l + -3)/(-1))?
3
Suppose -297*n = -34*n - 404396 - 730186. What is the thousands digit of n?
4
Let a = -6506 + 13984. What is the thousands digit of a?
7
Let a = -9 + 14. Let q be ((-82)/a)/(-1*(-2)/(-30)). Let r = q + -147. What is the units digit of r?
9
Let y be (-4 + 2)*27/6. Let d = y - -193. Let m = d - 79. What is the units digit of m?
5
Let i(n) be the third derivative of n**5/60 - 13*n**4/24 + 2*n**3 + 16*n**2. Let l be i(14). Let c = l - 23. What is the units digit of c?
3
Let a(m) = -m**3 - 12*m**2 + 3*m - 82. Let s be a(-19). Suppose 0 = 2*f + 2*f - s. What is the tens digit of f?
9
Let z(f) be the third derivative of -f**6/120 + 23*f**5/60 + 43*f**4/24 + 5*f**3/2 - f**2 - 3*f. What is the tens digit of z(24)?
7
Let d(p) = 135*p + 14 - 20 + 14 + 1. What is the units digit of d(3)?
4
Suppose 4*i - 12 = i. Suppose x + x + 436 = 3*y, 0 = 2*y + i*x - 296. Suppose y = -5*f + 841. What is the tens digit of f?
3
Let s(f) = -f**2 + 8*f - 181. Let h be s(0). Let w = 296 + h. What is the tens digit of w?
1
Let d be (-7513)/(-4) + (-17)/68. Suppose -5*p = 3*i - d, 2*i - 1265 = -0*i + p. What is the tens digit of i?
3
What is the tens digit of (-3 - (-782432)/(-96))/((-2)/3)?
3
Suppose 0 = 4